+ 0 + 1 + 2
-3
Evaluate -6 - -1 - ((0 - 0) + 1).
-6
6 + (-3 - (9 + -6 + 1))
-1
Calculate (6 - -3) + 2 - 13.
-2
What is the value of 4 - (-3 + 4 + -1 + 4)?
0
Evaluate 14 + -7 - 12 - -11.
6
What is 3 + 2 + -5 + -1 + 3?
2
Evaluate 2 - ((8 - 14 - -22) + -8).
-6
Evaluate -3 + (-6 - -11) - 0 - 5.
-3
What is (-1 - -3 - -1) + (56 - 57)?
2
Calculate 0 + (3 - -2) - 6 - -5.
4
Evaluate (-6 + 6 - -5) + 4 - 2.
7
What is 1 - 6 - (7 + (-12 - -5))?
-5
What is -2 - -5 - (16 - 13)?
0
Calculate 1 + 2 + (-9 - (-8 - -7)).
-5
What is the value of -2 - (1 - 6) - (4 - 9)?
8
-4 + (-4 - (4 + -13))
1
What is the value of 4 - 6 - (-10 + 2 + 3)?
3
Evaluate 6 + 2 + -4 + 0.
4
Calculate (-1 - -1) + -2 + (5 - 1).
2
Evaluate 1 + (0 - 5) - -5.
1
What is (0 - 3 - 2 - -8) + 1?
4
Evaluate 9 + (-8 - 4 - 0).
-3
Calculate (-45 - -54) + (-1 - 9).
-1
What is the value of 16 + (4 + -3 - 9)?
8
(-2 - (-8 - -16)) + 3
-7
Evaluate (10 - (-1 + 8)) + -3.
0
Evaluate 0 + 4 - (-2 + 3 + -2).
5
Calculate (0 + 2 - (-6 + 9)) + 4.
3
What is -5 + (-2 - -9) + 5?
7
What is the value of (2 - -5 - 5) + 3?
5
What is -3 - (2 - 13) - 3?
5
Evaluate -6 - (6 + -9) - 0.
-3
-5 - (0 + -1 + -23 + 19)
0
What is the value of 5 - (-7 + 5 - (1 + 1))?
9
What is the value of -4 - (-3 + 5) - (8 + -10)?
-4
Evaluate (0 - -3) + -7 + 5.
1
Calculate 11 + -9 + -3 + -1 + 5.
3
What is the value of -1 - (1 - 7 - -2)?
3
What is the value of (0 - -4) + (18 - 18 - 3)?
1
Evaluate -2 + 8 - (0 + 9).
-3
What is the value of 3 + (-3 - (2 + -4))?
2
What is 53 + -50 + (-1 - (2 - 0))?
0
Calculate 6 + (4 - 6) + -13.
-9
What is (0 - (-5 + -2)) + -5?
2
What is the value of -1 - (-7 + 8 - -4)?
-6
-12 + 10 - (2 - 5)
1
What is the value of (-3 - -4) + 6 + -10?
-3
What is -1 - -6 - (117 + -111)?
-1
Calculate -3 + 3 + 7 - 11.
-4
Evaluate 1 + 3 - 1 - 3.
0
What is the value of 23 + -24 + 1 + 2?
2
Evaluate (-6 - 1 - -1) + -7 + 9.
-4
Calculate -1 + (2 + 2 - 2) - -2.
3
Calculate 3 + 10 + 0 + -23.
-10
Evaluate -2 + (7 - 3) + (-5 - 1).
-4
Evaluate (-4 - -1) + 0 + 4.
1
1 + -1 - (-14 - -21 - 3)
-4
Calculate -2 + 0 + -4 + 5.
-1
What is -3 - (3 + -6 + -6) - 4?
2
What is 9 + -14 - (-1 - 0)?
-4
What is the value of -7 + -6 + 6 - -4?
-3
What is the value of -14 - (-5 + (0 - 1))?
-8
What is 0 - (4 - 1) - (17 + -15)?
-5
Calculate -3 - -15 - (2 + 7).
3
-50 + 44 + (0 - -4) + -1
-3
What is 3 + (-8 + 12 - 3)?
4
Calculate -11 + (8 - -6 - 2).
1
Evaluate (-2 - (-5 - -5 - 2)) + -3.
-3
((-3 - 0) + -1 - 0) + -3
-7
What is 71 - 71 - (-8 - 2)?
10
What is the value of (16 - 7) + (-1 - 7)?
1
-2 + (4 + -10 + 3 - -10)
5
Calculate 0 + 0 + -7 + 8.
1
What is the value of -7 + 5 + -5 + 5?
-2
What is the value of 5 - (1 - (-3 - 6)) - 2?
-7
What is the value of -9 + 4 + (-4 - -13)?
4
Evaluate -4 + (5 - 3) + -1 + 4.
1
What is 5 - 8 - (1 - 3) - 4?
-5
What is the value of (17 - 15) + -5 + -4?
-7
What is -33 - -26 - (-1 - 0)?
-6
9 - ((-5 - 4) + 17)
1
What is (1 - 1 - -4) + -8?
-4
(2 + -1 - (1 + -3)) + 2
5
What is the value of -15 + 19 - (6 - 2)?
0
Evaluate -30 + 24 - (1 + -3).
-4
-8 + 3 + 0 + 3
-2
8 + -9 + (0 + 2 - -1)
2
What is 4 + (-4 - -4) + 0?
4
Calculate (-23 - -24) + (3 - 1).
3
What is 1 + 2 + (-17 - -15)?
1
Calculate (-1 - 0) + -2 + (4 - 3).
-2
What is (-14 - -11 - 3) + -2?
-8
2 - (-11 + 11 - (-4 - 0))
-2
Calculate -14 - -11 - ((-1 - 4) + -1).
3
Evaluate -4 - (-4 + -2 + 7).
-5
Calculate 3 - (0 + -6 + 5 + 4).
0
What is the value of 28 + -26 - (-2 + -3 - -3)?
4
Evaluate 1 + -3 + 4 - 2.
0
-7 + 5 - (-3 + 4)
-3
Calculate -4 + (-3 - -8 - 5).
-4
What is 3 + (-4 - -4) - (-1 - -3)?
1
Calculate -6 + 8 + -1 + -2 + 0.
-1
Evaluate 12 + -18 + -3 + (-2 - -2).
-9
Calculate -9 + 3 - -9 - 5 - -7.
5
51 + -72 + (14 - 3)
-10
Evaluate 2 + 2 + (-5 - (-1 + -2)).
2
(-2 + -7 - 1) + 5
-5
What is the value of 4 + (-1 - -3) + -3 + -6?
-3
Evaluate (-5 - -2) + (8 - (7 - 10)).
8
What is -12 + 0 - (-1 - (-10 - -14))?
-7
2 + -2 + 5 - 4
1
Evaluate (11 - (-10 - -33)) + 3.
-9
(-34 - -33) + (-2 - 0 - 1)
-4
1 + 1 + -3 + -4
-5
(0 - 5 - -3) + 4 - 1
1
-4 + -2 + 4 + 0
-2
What is -18 - -24 - (0 + 1)?
5
Calculate 14 + (-6 - (10 - 11)).
9
Calculate -4 + (-3 - -6) - 1.
-2
Evaluate (-1 - 3) + -1 + 2 + 4.
1
What is -5 - -3 - (-1 - 1)?
0
(-24 - -28) + 2 + 2
8
Calculate 7 - (-2 + (14 - 0 - 7)).
2
1 - (3 - (-6 + 7 + -4))
-5
What is -6 + (-2 + -1 - -4)?
-5
What is the value of 0 + -6 - (-7 + 4 + 2)?
-5
What is (3 - 0) + (1 - 5)?
-1
What is the value of 30 - 22 - (4 + 3 + -1)?
2
Evaluate -1 + 3 + -4 + (0 - 3).
-5
Evaluate 2 - (1 + 1 + -2) - -3.
5
-3 - (0 + 7 + (-7 - -2))
-5
Calculate -1 + -8 + 4 + 0.
-5
What is 10 + (7 + -8 - 4)?
5
What is -3 + 1 + (-6 - -9)?
1
8 + 0 + -1 - (0 + 0)
7
Calculate 6 + (6 - (14 - 2)).
0
Calculate (1 - 9) + -5 + 5.
-8
Calculate (3 - (0 + 8)) + 2.
-3
Calculate -3 - (1 + -2) - (0 + 2).
-4
What is the value of -3 + ((-1 - -1) + -2 - -3)?
-2
Calculate 3 - (0 - (-15 - -10)).
-2
What is -4 - -2 - (2 + -4 - -8)?
-8
What is (-13 - 0) + 8 - (0 - -1)?
-6
-4 + 7 + (1 - 7)
-3
What is -2 + -5 - (-6 + 8)?
-9
What is the value of 1 - (-3 - -1 - 0) - 6?
-3
What is the value of -1 + 1 - (-1 - 0 - 0)?
1
Evaluate (4 - -9) + -4 - 10.
-1
Evaluate -6 - (-4 + 1) - (-2 + 4).
-5
What is the value of -1 - (2 - 2 - (6 + 0))?
5
What is 2 + 6 + -1 - 4?
3
What is 6 + -2 - 8 - -2?
-2
What is the value of 4 - (0 + (4 - 2))?
2
Calculate 72 + -77 + (11 - -2).
8
Evaluate (0 - -2) + -15 + 10.
-3
Evaluate 13 - (0 + -6 - -13).
6
Evaluate 3 + -1 + (-6 - 2).
-6
What is -2 + -1 + 10 + -7?
0
What is -5 + -1 + -9 + -13 + 27?
-1
What is the value of -26 + 29 + (-1 + 2 - 1)?
3
Calculate -1 - (0 - 3) - -2 - 5.
-1
What is the value of -3 - (-5 - -1 - -3) - -5?
3
Calculate 7 + -3 + (-2 - (-2 - -1)).
3
What is 12 - 0 - (89 - 84)?
7
Evaluate 8 + -16 + -11 + 26.
7
What is the value of -1 - (-7 - 2 - (-3 - 0))?
5
What is 5 - ((10 + -3 - 1) + -4)?
3
0 - (-2 + -4 + 5)
1
7 + -4 + -4 - -1
0
What is the value of -10 + (19 - 11 - 6)?
-8
-2 - (7 - (-3 - 5 - -14))
-3
Evaluate (1 - -2) + 0 + 6 + -4.
5
What is (21 - 11) + 0 + -9 + 1?
2
Evaluate -4 - (2 - 3 - 3 - -2).
-2
3 - -1 - -2 - (2 + -2)
6
Evaluate (0 - -1 - 1) + 22 + -19.
3
What is -5 + 0 + -2 + 5?
-2
What is the value of 2 - (7 + -3) - (5 + -3)?
-4
14 + (-14 - 0) - 9
-9
What is the value of 2 - (-4 - (2 + -2 + -4))?
2
What is the value of (-3 - (1 + -2)) + (10 - 4)?
4
What is 7 + (-3 - 3) - -6?
7
Calculate 13 - (5 - -7 - -1 - 8).
8
What is the value of -1 + (-4 - (0 - 8)) + -6?
-3
What is the value of 3 + 1 - (4 + 1 + -6)?
5
(6 - 9 - -9) + -5
1
What is -6 + -1 + (1 + 9 - 6)?
-3
Calculate -6 - 3 - (7 + -13).
-3
What is -1 - 2 - ((5 - 10) + 5)?
-3
Calculate 1 + 1 + (0 - 1 - -1).
2
-1 + 3 - (16 + -11)
-3
Evaluate (58 - 57) + 1 + -2 + 1.
1
What is the value of (17 - 17) + 6 + -2?
4
Calculate 3 - (1 + 3 - 2).
1
What is 24 + -40 - (-9 + 0)?
-7
What is the value of (-153 - -170) + -8 + 1 + 0?
10
Calculate -6 - ((9 - (9 + -4)) + -9).
-1
What is the value of 4 + -3 + -8 + 3?
-4
What is the value of (9 + -1 - 2) + -6?
0
What is -1 + (3 - 5) - (-1 + -3)?
1
-4 - (-9 - (9 + -11))
3
Evaluate -6 - (2 + 5) - -11.
-2
What is 1 + -4 + (2 - 2 - -2)?
-1
Evaluate -2 + (0 - -3 - -2) + 3.
6
Evaluate -3 + (-4 + 7 - 1).
-1
Calculate 7 + (-2 - -2) + -2.
5
What is the value of (2 - -11) + -1 + 3 + -7?
8
What is 1 + (9 - 4) + -5?
1
What is the value of 5 - (3 + -1 - (-8 + 6))?
1
Evaluate 5 + (2 - (16 - 11)).
2
Calculate ((2 - 3) + -3 - 0) + 3.
-1
10 + (14 - 20) - (10 + 0)
-6
5 - (3 - (1 + 4 + -5))
2
(-4 - 0) + -2 + 2
-4
What is 0 + -1 + -3 + -1?
-5
Calculate (-1 - (-1 - 4)) + -71 + 73.
6
Evaluate (-16 - (-3 - 7)) + 4.
-2
-6 + (-8 - -5) + 11
2
(6 - -3) + (-5 - 0) - -1
5
What is -4 + -7 + 0 + 5?
-6
-8 - -12 - (1 - -3)
0
What is the value of 6 - (-5 + 8) - (0 - 0)?
3
Calculate -2 + 5 + -2 + (0 - -1).
2
4 - (6 - 4) - 0 - -2
4
(19 - 3) + -4 + -6
6
What is -2 + (-1 - -4) + -2 + 3?
2
Evaluate (-3 - 5 - -8) + 2 - 0.
2
Evaluate -34 + 33 + (6 - 0).
5
0 - (6 - 4 - 7)
5
What is 5 + -1 + -2 - (5 + -2)?
-1
Evaluate -2 + (7 - -5) - 11.
-1
Calculate (4 + -4 - -2) + -1 + 2.
3
What is the value of -2 + 6 + -2 + 11 + -15?
-2
What is (4 + -4 - 4 - -4) + -4?
-4
Evaluate 2 - (-1 + 5 + -4) - 4.
-2
Evaluate 5 - -2 - 10 - (1 - 3).
-1
What is the value of 3 + (3 - 0) - 5?
1
What is the value of 2 - -2 - 2 - (3 + -5)?
4
What is (-8 - -10) + (-2 - -2 - -1)?
3
What 